{"id":211,"date":"2020-02-04T14:39:18","date_gmt":"2020-02-04T12:39:18","guid":{"rendered":"http:\/\/testi.koiratuotteet.fi\/?page_id=211"},"modified":"2021-08-03T09:39:17","modified_gmt":"2021-08-03T06:39:17","slug":"riistapellot_ja_kyttayskopit","status":"publish","type":"page","link":"https:\/\/www.alavudenmetsastysseura.fi\/?page_id=211","title":{"rendered":"Riistapellot"},"content":{"rendered":"\n<figure class=\"wp-block-image size-large\"><img loading=\"lazy\" decoding=\"async\" width=\"1024\" height=\"722\" src=\"https:\/\/www.alavudenmetsastysseura.fi\/wp-content\/uploads\/2020\/02\/Saarisen-riistapelto-1024x722.jpg\" alt=\"riistapelto saarinen\nRiistapellot ja kytt\u00e4yskopit\" class=\"wp-image-265\" srcset=\"https:\/\/www.alavudenmetsastysseura.fi\/wp-content\/uploads\/2020\/02\/Saarisen-riistapelto-1024x722.jpg 1024w, https:\/\/www.alavudenmetsastysseura.fi\/wp-content\/uploads\/2020\/02\/Saarisen-riistapelto-300x212.jpg 300w, https:\/\/www.alavudenmetsastysseura.fi\/wp-content\/uploads\/2020\/02\/Saarisen-riistapelto-768x542.jpg 768w, https:\/\/www.alavudenmetsastysseura.fi\/wp-content\/uploads\/2020\/02\/Saarisen-riistapelto-1536x1083.jpg 1536w, https:\/\/www.alavudenmetsastysseura.fi\/wp-content\/uploads\/2020\/02\/Saarisen-riistapelto.jpg 1744w\" sizes=\"auto, (max-width: 767px) 89vw, (max-width: 1000px) 54vw, (max-width: 1071px) 543px, 580px\" \/><\/figure>\n\n\n\n<p class=\"has-text-align-center\">Saarisen riistapelto.<\/p>\n\n\n\n<figure class=\"wp-block-image size-large\"><img loading=\"lazy\" decoding=\"async\" width=\"1024\" height=\"880\" src=\"https:\/\/www.alavudenmetsastysseura.fi\/wp-content\/uploads\/2020\/02\/Erikoisen-riistapelto-1024x880.jpg\" alt=\"Riistapelto Erikoinen\nRiistapellot ja kytt\u00e4yskopit\" class=\"wp-image-266\" srcset=\"https:\/\/www.alavudenmetsastysseura.fi\/wp-content\/uploads\/2020\/02\/Erikoisen-riistapelto-1024x880.jpg 1024w, https:\/\/www.alavudenmetsastysseura.fi\/wp-content\/uploads\/2020\/02\/Erikoisen-riistapelto-300x258.jpg 300w, https:\/\/www.alavudenmetsastysseura.fi\/wp-content\/uploads\/2020\/02\/Erikoisen-riistapelto-768x660.jpg 768w, https:\/\/www.alavudenmetsastysseura.fi\/wp-content\/uploads\/2020\/02\/Erikoisen-riistapelto.jpg 1534w\" sizes=\"auto, (max-width: 767px) 89vw, (max-width: 1000px) 54vw, (max-width: 1071px) 543px, 580px\" \/><\/figure>\n\n\n\n<p class=\"has-text-align-center\">Erikoisen riistapelto. <\/p>\n\n\n\n<figure class=\"wp-block-image size-large\"><img loading=\"lazy\" decoding=\"async\" width=\"1024\" height=\"734\" src=\"https:\/\/www.alavudenmetsastysseura.fi\/wp-content\/uploads\/2020\/02\/Kuismi-1024x734.jpg\" alt=\"Kuimin riistapelto\" class=\"wp-image-319\" srcset=\"https:\/\/www.alavudenmetsastysseura.fi\/wp-content\/uploads\/2020\/02\/Kuismi-1024x734.jpg 1024w, https:\/\/www.alavudenmetsastysseura.fi\/wp-content\/uploads\/2020\/02\/Kuismi-300x215.jpg 300w, https:\/\/www.alavudenmetsastysseura.fi\/wp-content\/uploads\/2020\/02\/Kuismi-768x551.jpg 768w, https:\/\/www.alavudenmetsastysseura.fi\/wp-content\/uploads\/2020\/02\/Kuismi-1536x1101.jpg 1536w, https:\/\/www.alavudenmetsastysseura.fi\/wp-content\/uploads\/2020\/02\/Kuismi.jpg 1897w\" sizes=\"auto, (max-width: 767px) 89vw, (max-width: 1000px) 54vw, (max-width: 1071px) 543px, 580px\" \/><\/figure>\n\n\n\n<p class=\"has-text-align-center\">Kuismin riistapelto<\/p>\n\n\n\n<figure class=\"wp-block-image size-large\"><img loading=\"lazy\" decoding=\"async\" width=\"1024\" height=\"542\" src=\"https:\/\/www.alavudenmetsastysseura.fi\/wp-content\/uploads\/2021\/08\/Valisenlampi-1024x542.jpg\" alt=\"\" class=\"wp-image-671\" srcset=\"https:\/\/www.alavudenmetsastysseura.fi\/wp-content\/uploads\/2021\/08\/Valisenlampi-1024x542.jpg 1024w, https:\/\/www.alavudenmetsastysseura.fi\/wp-content\/uploads\/2021\/08\/Valisenlampi-300x159.jpg 300w, https:\/\/www.alavudenmetsastysseura.fi\/wp-content\/uploads\/2021\/08\/Valisenlampi-768x407.jpg 768w, https:\/\/www.alavudenmetsastysseura.fi\/wp-content\/uploads\/2021\/08\/Valisenlampi-1536x813.jpg 1536w, https:\/\/www.alavudenmetsastysseura.fi\/wp-content\/uploads\/2021\/08\/Valisenlampi.jpg 1845w\" sizes=\"auto, (max-width: 767px) 89vw, (max-width: 1000px) 54vw, (max-width: 1071px) 543px, 580px\" \/><\/figure>\n\n\n\n<p class=\"has-text-align-center\">V\u00e4lisenlammen riistapelto.  <\/p>\n\n\n\n<figure class=\"wp-block-image size-large\"><img loading=\"lazy\" decoding=\"async\" width=\"1024\" height=\"542\" src=\"https:\/\/www.alavudenmetsastysseura.fi\/wp-content\/uploads\/2021\/08\/Ruokaistenkyto-1024x542.jpg\" alt=\"\" class=\"wp-image-673\" srcset=\"https:\/\/www.alavudenmetsastysseura.fi\/wp-content\/uploads\/2021\/08\/Ruokaistenkyto-1024x542.jpg 1024w, https:\/\/www.alavudenmetsastysseura.fi\/wp-content\/uploads\/2021\/08\/Ruokaistenkyto-300x159.jpg 300w, https:\/\/www.alavudenmetsastysseura.fi\/wp-content\/uploads\/2021\/08\/Ruokaistenkyto-768x407.jpg 768w, https:\/\/www.alavudenmetsastysseura.fi\/wp-content\/uploads\/2021\/08\/Ruokaistenkyto-1536x814.jpg 1536w, https:\/\/www.alavudenmetsastysseura.fi\/wp-content\/uploads\/2021\/08\/Ruokaistenkyto.jpg 1839w\" sizes=\"auto, (max-width: 767px) 89vw, (max-width: 1000px) 54vw, (max-width: 1071px) 543px, 580px\" \/><\/figure>\n\n\n\n<p class=\"has-text-align-center\"> Ruokaistenkyr\u00f6n riistapelto <\/p>\n","protected":false},"excerpt":{"rendered":"<p>Saarisen riistapelto. Erikoisen riistapelto. Kuismin riistapelto V\u00e4lisenlammen riistapelto. Ruokaistenkyr\u00f6n riistapelto<\/p>\n","protected":false},"author":2,"featured_media":0,"parent":70,"menu_order":6,"comment_status":"closed","ping_status":"closed","template":"","meta":{"footnotes":""},"class_list":["post-211","page","type-page","status-publish","hentry"],"yoast_head":"<!-- This site is optimized with the Yoast SEO plugin v26.9 - https:\/\/yoast.com\/product\/yoast-seo-wordpress\/ -->\n<title>Riistapellot - Alavuden Mets\u00e4stysseura<\/title>\n<meta name=\"description\" content=\"Alavuden mets\u00e4stysseura. Riistanhoitoa ja mets\u00e4styst\u00e4 vuodesta 1946. Tervetuloa Alavuden mets\u00e4stysseuran kotisivuille. Riistapellot ja kytt\u00e4yskopit.\" \/>\n<meta name=\"robots\" content=\"index, follow, max-snippet:-1, max-image-preview:large, max-video-preview:-1\" \/>\n<link rel=\"canonical\" href=\"https:\/\/www.alavudenmetsastysseura.fi\/?page_id=211\" \/>\n<meta property=\"og:locale\" content=\"fi_FI\" \/>\n<meta property=\"og:type\" content=\"article\" \/>\n<meta property=\"og:title\" content=\"Riistapellot - Alavuden Mets\u00e4stysseura\" \/>\n<meta property=\"og:description\" content=\"Alavuden mets\u00e4stysseura. Riistanhoitoa ja mets\u00e4styst\u00e4 vuodesta 1946. Tervetuloa Alavuden mets\u00e4stysseuran kotisivuille. Riistapellot ja kytt\u00e4yskopit.\" \/>\n<meta property=\"og:url\" content=\"https:\/\/www.alavudenmetsastysseura.fi\/?page_id=211\" \/>\n<meta property=\"og:site_name\" content=\"Alavuden Mets\u00e4stysseura\" \/>\n<meta property=\"article:modified_time\" content=\"2021-08-03T06:39:17+00:00\" \/>\n<meta property=\"og:image\" content=\"https:\/\/www.alavudenmetsastysseura.fi\/wp-content\/uploads\/2020\/02\/Saarisen-riistapelto-1024x722.jpg\" \/>\n<meta name=\"twitter:card\" content=\"summary_large_image\" \/>\n<meta name=\"twitter:label1\" content=\"Arvioitu lukuaika\" \/>\n\t<meta name=\"twitter:data1\" content=\"2 minuuttia\" \/>\n<script type=\"application\/ld+json\" class=\"yoast-schema-graph\">{\"@context\":\"https:\/\/schema.org\",\"@graph\":[{\"@type\":\"WebPage\",\"@id\":\"https:\/\/www.alavudenmetsastysseura.fi\/?page_id=211\",\"url\":\"https:\/\/www.alavudenmetsastysseura.fi\/?page_id=211\",\"name\":\"Riistapellot - Alavuden Mets\u00e4stysseura\",\"isPartOf\":{\"@id\":\"https:\/\/www.alavudenmetsastysseura.fi\/#website\"},\"primaryImageOfPage\":{\"@id\":\"https:\/\/www.alavudenmetsastysseura.fi\/?page_id=211#primaryimage\"},\"image\":{\"@id\":\"https:\/\/www.alavudenmetsastysseura.fi\/?page_id=211#primaryimage\"},\"thumbnailUrl\":\"https:\/\/www.alavudenmetsastysseura.fi\/wp-content\/uploads\/2020\/02\/Saarisen-riistapelto-1024x722.jpg\",\"datePublished\":\"2020-02-04T12:39:18+00:00\",\"dateModified\":\"2021-08-03T06:39:17+00:00\",\"description\":\"Alavuden mets\u00e4stysseura. Riistanhoitoa ja mets\u00e4styst\u00e4 vuodesta 1946. Tervetuloa Alavuden mets\u00e4stysseuran kotisivuille. Riistapellot ja kytt\u00e4yskopit.\",\"breadcrumb\":{\"@id\":\"https:\/\/www.alavudenmetsastysseura.fi\/?page_id=211#breadcrumb\"},\"inLanguage\":\"fi\",\"potentialAction\":[{\"@type\":\"ReadAction\",\"target\":[\"https:\/\/www.alavudenmetsastysseura.fi\/?page_id=211\"]}]},{\"@type\":\"ImageObject\",\"inLanguage\":\"fi\",\"@id\":\"https:\/\/www.alavudenmetsastysseura.fi\/?page_id=211#primaryimage\",\"url\":\"https:\/\/www.alavudenmetsastysseura.fi\/wp-content\/uploads\/2020\/02\/Saarisen-riistapelto.jpg\",\"contentUrl\":\"https:\/\/www.alavudenmetsastysseura.fi\/wp-content\/uploads\/2020\/02\/Saarisen-riistapelto.jpg\",\"width\":1744,\"height\":1230},{\"@type\":\"BreadcrumbList\",\"@id\":\"https:\/\/www.alavudenmetsastysseura.fi\/?page_id=211#breadcrumb\",\"itemListElement\":[{\"@type\":\"ListItem\",\"position\":1,\"name\":\"Home\",\"item\":\"https:\/\/www.alavudenmetsastysseura.fi\/\"},{\"@type\":\"ListItem\",\"position\":2,\"name\":\"J\u00e4senille\",\"item\":\"https:\/\/www.alavudenmetsastysseura.fi\/?page_id=70\"},{\"@type\":\"ListItem\",\"position\":3,\"name\":\"Riistapellot\"}]},{\"@type\":\"WebSite\",\"@id\":\"https:\/\/www.alavudenmetsastysseura.fi\/#website\",\"url\":\"https:\/\/www.alavudenmetsastysseura.fi\/\",\"name\":\"Alavuden Mets\u00e4stysseura\",\"description\":\"Riistanhoitoa ja mets\u00e4styst\u00e4 vuodesta 1946\",\"potentialAction\":[{\"@type\":\"SearchAction\",\"target\":{\"@type\":\"EntryPoint\",\"urlTemplate\":\"https:\/\/www.alavudenmetsastysseura.fi\/?s={search_term_string}\"},\"query-input\":{\"@type\":\"PropertyValueSpecification\",\"valueRequired\":true,\"valueName\":\"search_term_string\"}}],\"inLanguage\":\"fi\"}]}<\/script>\n<!-- \/ Yoast SEO plugin. -->","yoast_head_json":{"title":"Riistapellot - Alavuden Mets\u00e4stysseura","description":"Alavuden mets\u00e4stysseura. Riistanhoitoa ja mets\u00e4styst\u00e4 vuodesta 1946. Tervetuloa Alavuden mets\u00e4stysseuran kotisivuille. Riistapellot ja kytt\u00e4yskopit.","robots":{"index":"index","follow":"follow","max-snippet":"max-snippet:-1","max-image-preview":"max-image-preview:large","max-video-preview":"max-video-preview:-1"},"canonical":"https:\/\/www.alavudenmetsastysseura.fi\/?page_id=211","og_locale":"fi_FI","og_type":"article","og_title":"Riistapellot - Alavuden Mets\u00e4stysseura","og_description":"Alavuden mets\u00e4stysseura. Riistanhoitoa ja mets\u00e4styst\u00e4 vuodesta 1946. Tervetuloa Alavuden mets\u00e4stysseuran kotisivuille. Riistapellot ja kytt\u00e4yskopit.","og_url":"https:\/\/www.alavudenmetsastysseura.fi\/?page_id=211","og_site_name":"Alavuden Mets\u00e4stysseura","article_modified_time":"2021-08-03T06:39:17+00:00","og_image":[{"url":"https:\/\/www.alavudenmetsastysseura.fi\/wp-content\/uploads\/2020\/02\/Saarisen-riistapelto-1024x722.jpg","type":"","width":"","height":""}],"twitter_card":"summary_large_image","twitter_misc":{"Arvioitu lukuaika":"2 minuuttia"},"schema":{"@context":"https:\/\/schema.org","@graph":[{"@type":"WebPage","@id":"https:\/\/www.alavudenmetsastysseura.fi\/?page_id=211","url":"https:\/\/www.alavudenmetsastysseura.fi\/?page_id=211","name":"Riistapellot - Alavuden Mets\u00e4stysseura","isPartOf":{"@id":"https:\/\/www.alavudenmetsastysseura.fi\/#website"},"primaryImageOfPage":{"@id":"https:\/\/www.alavudenmetsastysseura.fi\/?page_id=211#primaryimage"},"image":{"@id":"https:\/\/www.alavudenmetsastysseura.fi\/?page_id=211#primaryimage"},"thumbnailUrl":"https:\/\/www.alavudenmetsastysseura.fi\/wp-content\/uploads\/2020\/02\/Saarisen-riistapelto-1024x722.jpg","datePublished":"2020-02-04T12:39:18+00:00","dateModified":"2021-08-03T06:39:17+00:00","description":"Alavuden mets\u00e4stysseura. Riistanhoitoa ja mets\u00e4styst\u00e4 vuodesta 1946. Tervetuloa Alavuden mets\u00e4stysseuran kotisivuille. Riistapellot ja kytt\u00e4yskopit.","breadcrumb":{"@id":"https:\/\/www.alavudenmetsastysseura.fi\/?page_id=211#breadcrumb"},"inLanguage":"fi","potentialAction":[{"@type":"ReadAction","target":["https:\/\/www.alavudenmetsastysseura.fi\/?page_id=211"]}]},{"@type":"ImageObject","inLanguage":"fi","@id":"https:\/\/www.alavudenmetsastysseura.fi\/?page_id=211#primaryimage","url":"https:\/\/www.alavudenmetsastysseura.fi\/wp-content\/uploads\/2020\/02\/Saarisen-riistapelto.jpg","contentUrl":"https:\/\/www.alavudenmetsastysseura.fi\/wp-content\/uploads\/2020\/02\/Saarisen-riistapelto.jpg","width":1744,"height":1230},{"@type":"BreadcrumbList","@id":"https:\/\/www.alavudenmetsastysseura.fi\/?page_id=211#breadcrumb","itemListElement":[{"@type":"ListItem","position":1,"name":"Home","item":"https:\/\/www.alavudenmetsastysseura.fi\/"},{"@type":"ListItem","position":2,"name":"J\u00e4senille","item":"https:\/\/www.alavudenmetsastysseura.fi\/?page_id=70"},{"@type":"ListItem","position":3,"name":"Riistapellot"}]},{"@type":"WebSite","@id":"https:\/\/www.alavudenmetsastysseura.fi\/#website","url":"https:\/\/www.alavudenmetsastysseura.fi\/","name":"Alavuden Mets\u00e4stysseura","description":"Riistanhoitoa ja mets\u00e4styst\u00e4 vuodesta 1946","potentialAction":[{"@type":"SearchAction","target":{"@type":"EntryPoint","urlTemplate":"https:\/\/www.alavudenmetsastysseura.fi\/?s={search_term_string}"},"query-input":{"@type":"PropertyValueSpecification","valueRequired":true,"valueName":"search_term_string"}}],"inLanguage":"fi"}]}},"_links":{"self":[{"href":"https:\/\/www.alavudenmetsastysseura.fi\/index.php?rest_route=\/wp\/v2\/pages\/211","targetHints":{"allow":["GET"]}}],"collection":[{"href":"https:\/\/www.alavudenmetsastysseura.fi\/index.php?rest_route=\/wp\/v2\/pages"}],"about":[{"href":"https:\/\/www.alavudenmetsastysseura.fi\/index.php?rest_route=\/wp\/v2\/types\/page"}],"author":[{"embeddable":true,"href":"https:\/\/www.alavudenmetsastysseura.fi\/index.php?rest_route=\/wp\/v2\/users\/2"}],"replies":[{"embeddable":true,"href":"https:\/\/www.alavudenmetsastysseura.fi\/index.php?rest_route=%2Fwp%2Fv2%2Fcomments&post=211"}],"version-history":[{"count":10,"href":"https:\/\/www.alavudenmetsastysseura.fi\/index.php?rest_route=\/wp\/v2\/pages\/211\/revisions"}],"predecessor-version":[{"id":674,"href":"https:\/\/www.alavudenmetsastysseura.fi\/index.php?rest_route=\/wp\/v2\/pages\/211\/revisions\/674"}],"up":[{"embeddable":true,"href":"https:\/\/www.alavudenmetsastysseura.fi\/index.php?rest_route=\/wp\/v2\/pages\/70"}],"wp:attachment":[{"href":"https:\/\/www.alavudenmetsastysseura.fi\/index.php?rest_route=%2Fwp%2Fv2%2Fmedia&parent=211"}],"curies":[{"name":"wp","href":"https:\/\/api.w.org\/{rel}","templated":true}]}}