{"id":21,"date":"2020-02-04T07:11:19","date_gmt":"2020-02-04T05:11:19","guid":{"rendered":"http:\/\/testi.koiratuotteet.fi\/?page_id=21"},"modified":"2023-05-11T08:05:44","modified_gmt":"2023-05-11T05:05:44","slug":"blogi","status":"publish","type":"page","link":"https:\/\/www.alavudenmetsastysseura.fi\/?page_id=21","title":{"rendered":"Kuvat"},"content":{"rendered":"\n<h5 class=\"wp-block-heading\">Hirvijahti 2020<\/h5>\n\n\n\n<a data-flickr-embed=\"true\" href=\"https:\/\/www.flickr.com\/photos\/186786949@N02\/albums\/72157718581019962\" title=\"Hirvijahti 2020\"><img loading=\"lazy\" decoding=\"async\" src=\"https:\/\/live.staticflickr.com\/65535\/51018704996_c620b520c8_z.jpg\" width=\"640\" height=\"480\" alt=\"Hirvijahti 2020\"><\/a><script async src=\"\/\/embedr.flickr.com\/assets\/client-code.js\" charset=\"utf-8\"><\/script>\n\n\n\n<h5 class=\"wp-block-heading\">Kuvia vuosilta 2019-<\/h5>\n\n\n\n<a data-flickr-embed=\"true\" href=\"https:\/\/www.flickr.com\/photos\/186786949@N02\/albums\/72157712983159761\" title=\"Kuvia vuosilta 2019 -\"><img loading=\"lazy\" decoding=\"async\" src=\"https:\/\/live.staticflickr.com\/65535\/50979993081_1372dafb5e_z.jpg\" width=\"640\" height=\"480\" alt=\"Kuvia vuosilta 2019 -\"><\/a><script async=\"\" src=\"\/\/embedr.flickr.com\/assets\/client-code.js\" charset=\"utf-8\"><\/script>\n\n\n\n<h5 class=\"wp-block-heading\">Kuvia vuosilta 2007-2015<\/h5>\n\n\n\n<a data-flickr-embed=\"true\" href=\"https:\/\/www.flickr.com\/photos\/186786949@N02\/albums\/72157712973861467\" title=\"2007-2015\"><img loading=\"lazy\" decoding=\"async\" src=\"https:\/\/live.staticflickr.com\/65535\/49489039636_c9f2af576d_z.jpg\" width=\"800\" height=\"600\" alt=\"2007-2015\"><\/a><script async=\"\" src=\"\/\/embedr.flickr.com\/assets\/client-code.js\" charset=\"utf-8\"><\/script>\n\n\n\n<div class=\"wp-block-columns is-layout-flex wp-container-core-columns-is-layout-9d6595d7 wp-block-columns-is-layout-flex\">\n<div class=\"wp-block-column is-layout-flow wp-block-column-is-layout-flow\" style=\"flex-basis:100%\">\n<p><a href=\"https:\/\/www.flickr.com\/photos\/186786949@N02\/albums\/72157712983159761\"><\/a><\/p>\n<\/div>\n<\/div>\n\n\n\n<div class=\"wp-block-cover alignfull is-light\" style=\"min-height:100vh;aspect-ratio:unset;\"><span aria-hidden=\"true\" class=\"wp-block-cover__background has-background-dim-100 has-background-dim\" style=\"background-color:#ffffff\"><\/span><div class=\"wp-block-cover__inner-container is-layout-flow wp-block-cover-is-layout-flow\">\n<div class=\"wp-block-media-text alignwide has-media-on-the-right is-stacked-on-mobile is-vertically-aligned-center is-image-fill\" style=\"grid-template-columns:auto 52%\"><div class=\"wp-block-media-text__content\">\n<h1 class=\"wp-block-heading\"><strong>Vuonna 1978 kaadettiin melkoinen hirviuros<br>Alavuden mets\u00e4stysseuran alueella.<\/strong><\/h1>\n\n\n\n<p class=\"has-text-align-left\">Alavuden Mets\u00e4stysseuran paljon kerrottu ja muisteltu tarina kaadetusta ja karanneesta<br>hirvest\u00e4. Osa varmaan todenmukaisia, osa fiktioita ja ajan kultaamia. T\u00e4m\u00e4 ja muita tarinoita luettavissa alla olevan linkin kautta. <\/p>\n\n\n\n<div class=\"wp-block-buttons is-layout-flex wp-block-buttons-is-layout-flex\">\n<div class=\"wp-block-button is-style-fill\"><a class=\"wp-block-button__link wp-element-button\" href=\"https:\/\/www.alavudenmetsastysseura.fi\/wp-content\/uploads\/2023\/05\/Vuonna-1978-hirviuros-Alavuden-metsastysseuran-alueella.docx-1.pdf\" target=\"_blank\" rel=\"noreferrer noopener\">Paina t\u00e4st\u00e4<\/a><\/div>\n<\/div>\n<\/div><figure class=\"wp-block-media-text__media\" style=\"background-image:url(https:\/\/www.alavudenmetsastysseura.fi\/wp-content\/uploads\/2023\/05\/Ojala-crop.png);background-position:83% 49%\"><img loading=\"lazy\" decoding=\"async\" width=\"607\" height=\"753\" src=\"https:\/\/www.alavudenmetsastysseura.fi\/wp-content\/uploads\/2023\/05\/Ojala-crop.png\" alt=\"\" class=\"wp-image-1056 size-full\" srcset=\"https:\/\/www.alavudenmetsastysseura.fi\/wp-content\/uploads\/2023\/05\/Ojala-crop.png 607w, https:\/\/www.alavudenmetsastysseura.fi\/wp-content\/uploads\/2023\/05\/Ojala-crop-242x300.png 242w\" sizes=\"auto, (max-width: 607px) 100vw, 607px\" \/><\/figure><\/div>\n<\/div><\/div>\n","protected":false},"excerpt":{"rendered":"<p>Hirvijahti 2020 Kuvia vuosilta 2019- Kuvia vuosilta 2007-2015<\/p>\n","protected":false},"author":2,"featured_media":0,"parent":0,"menu_order":0,"comment_status":"closed","ping_status":"closed","template":"","meta":{"footnotes":""},"class_list":["post-21","page","type-page","status-publish","hentry"],"yoast_head":"<!-- This site is optimized with the Yoast SEO plugin v26.9 - https:\/\/yoast.com\/product\/yoast-seo-wordpress\/ -->\n<title>Kuvat - Alavuden Mets\u00e4stysseura<\/title>\n<meta name=\"robots\" content=\"index, follow, max-snippet:-1, max-image-preview:large, max-video-preview:-1\" \/>\n<link rel=\"canonical\" href=\"https:\/\/www.alavudenmetsastysseura.fi\/?page_id=21\" \/>\n<meta property=\"og:locale\" content=\"fi_FI\" \/>\n<meta property=\"og:type\" content=\"article\" \/>\n<meta property=\"og:title\" content=\"Kuvat - Alavuden Mets\u00e4stysseura\" \/>\n<meta property=\"og:description\" content=\"Hirvijahti 2020 Kuvia vuosilta 2019- Kuvia vuosilta 2007-2015\" \/>\n<meta property=\"og:url\" content=\"https:\/\/www.alavudenmetsastysseura.fi\/?page_id=21\" \/>\n<meta property=\"og:site_name\" content=\"Alavuden Mets\u00e4stysseura\" \/>\n<meta property=\"article:modified_time\" content=\"2023-05-11T05:05:44+00:00\" \/>\n<meta property=\"og:image\" content=\"https:\/\/live.staticflickr.com\/65535\/51018704996_c620b520c8_z.jpg\" \/>\n<meta name=\"twitter:card\" content=\"summary_large_image\" \/>\n<meta name=\"twitter:label1\" content=\"Arvioitu lukuaika\" \/>\n\t<meta name=\"twitter:data1\" content=\"2 minuuttia\" \/>\n<script type=\"application\/ld+json\" class=\"yoast-schema-graph\">{\"@context\":\"https:\/\/schema.org\",\"@graph\":[{\"@type\":\"WebPage\",\"@id\":\"https:\/\/www.alavudenmetsastysseura.fi\/?page_id=21\",\"url\":\"https:\/\/www.alavudenmetsastysseura.fi\/?page_id=21\",\"name\":\"Kuvat - Alavuden Mets\u00e4stysseura\",\"isPartOf\":{\"@id\":\"https:\/\/www.alavudenmetsastysseura.fi\/#website\"},\"primaryImageOfPage\":{\"@id\":\"https:\/\/www.alavudenmetsastysseura.fi\/?page_id=21#primaryimage\"},\"image\":{\"@id\":\"https:\/\/www.alavudenmetsastysseura.fi\/?page_id=21#primaryimage\"},\"thumbnailUrl\":\"https:\/\/live.staticflickr.com\/65535\/51018704996_c620b520c8_z.jpg\",\"datePublished\":\"2020-02-04T05:11:19+00:00\",\"dateModified\":\"2023-05-11T05:05:44+00:00\",\"breadcrumb\":{\"@id\":\"https:\/\/www.alavudenmetsastysseura.fi\/?page_id=21#breadcrumb\"},\"inLanguage\":\"fi\",\"potentialAction\":[{\"@type\":\"ReadAction\",\"target\":[\"https:\/\/www.alavudenmetsastysseura.fi\/?page_id=21\"]}]},{\"@type\":\"ImageObject\",\"inLanguage\":\"fi\",\"@id\":\"https:\/\/www.alavudenmetsastysseura.fi\/?page_id=21#primaryimage\",\"url\":\"https:\/\/live.staticflickr.com\/65535\/51018704996_c620b520c8_z.jpg\",\"contentUrl\":\"https:\/\/live.staticflickr.com\/65535\/51018704996_c620b520c8_z.jpg\"},{\"@type\":\"BreadcrumbList\",\"@id\":\"https:\/\/www.alavudenmetsastysseura.fi\/?page_id=21#breadcrumb\",\"itemListElement\":[{\"@type\":\"ListItem\",\"position\":1,\"name\":\"Home\",\"item\":\"https:\/\/www.alavudenmetsastysseura.fi\/\"},{\"@type\":\"ListItem\",\"position\":2,\"name\":\"Kuvat\"}]},{\"@type\":\"WebSite\",\"@id\":\"https:\/\/www.alavudenmetsastysseura.fi\/#website\",\"url\":\"https:\/\/www.alavudenmetsastysseura.fi\/\",\"name\":\"Alavuden Mets\u00e4stysseura\",\"description\":\"Riistanhoitoa ja mets\u00e4styst\u00e4 vuodesta 1946\",\"potentialAction\":[{\"@type\":\"SearchAction\",\"target\":{\"@type\":\"EntryPoint\",\"urlTemplate\":\"https:\/\/www.alavudenmetsastysseura.fi\/?s={search_term_string}\"},\"query-input\":{\"@type\":\"PropertyValueSpecification\",\"valueRequired\":true,\"valueName\":\"search_term_string\"}}],\"inLanguage\":\"fi\"}]}<\/script>\n<!-- \/ Yoast SEO plugin. -->","yoast_head_json":{"title":"Kuvat - Alavuden Mets\u00e4stysseura","robots":{"index":"index","follow":"follow","max-snippet":"max-snippet:-1","max-image-preview":"max-image-preview:large","max-video-preview":"max-video-preview:-1"},"canonical":"https:\/\/www.alavudenmetsastysseura.fi\/?page_id=21","og_locale":"fi_FI","og_type":"article","og_title":"Kuvat - Alavuden Mets\u00e4stysseura","og_description":"Hirvijahti 2020 Kuvia vuosilta 2019- Kuvia vuosilta 2007-2015","og_url":"https:\/\/www.alavudenmetsastysseura.fi\/?page_id=21","og_site_name":"Alavuden Mets\u00e4stysseura","article_modified_time":"2023-05-11T05:05:44+00:00","og_image":[{"url":"https:\/\/live.staticflickr.com\/65535\/51018704996_c620b520c8_z.jpg","type":"","width":"","height":""}],"twitter_card":"summary_large_image","twitter_misc":{"Arvioitu lukuaika":"2 minuuttia"},"schema":{"@context":"https:\/\/schema.org","@graph":[{"@type":"WebPage","@id":"https:\/\/www.alavudenmetsastysseura.fi\/?page_id=21","url":"https:\/\/www.alavudenmetsastysseura.fi\/?page_id=21","name":"Kuvat - Alavuden Mets\u00e4stysseura","isPartOf":{"@id":"https:\/\/www.alavudenmetsastysseura.fi\/#website"},"primaryImageOfPage":{"@id":"https:\/\/www.alavudenmetsastysseura.fi\/?page_id=21#primaryimage"},"image":{"@id":"https:\/\/www.alavudenmetsastysseura.fi\/?page_id=21#primaryimage"},"thumbnailUrl":"https:\/\/live.staticflickr.com\/65535\/51018704996_c620b520c8_z.jpg","datePublished":"2020-02-04T05:11:19+00:00","dateModified":"2023-05-11T05:05:44+00:00","breadcrumb":{"@id":"https:\/\/www.alavudenmetsastysseura.fi\/?page_id=21#breadcrumb"},"inLanguage":"fi","potentialAction":[{"@type":"ReadAction","target":["https:\/\/www.alavudenmetsastysseura.fi\/?page_id=21"]}]},{"@type":"ImageObject","inLanguage":"fi","@id":"https:\/\/www.alavudenmetsastysseura.fi\/?page_id=21#primaryimage","url":"https:\/\/live.staticflickr.com\/65535\/51018704996_c620b520c8_z.jpg","contentUrl":"https:\/\/live.staticflickr.com\/65535\/51018704996_c620b520c8_z.jpg"},{"@type":"BreadcrumbList","@id":"https:\/\/www.alavudenmetsastysseura.fi\/?page_id=21#breadcrumb","itemListElement":[{"@type":"ListItem","position":1,"name":"Home","item":"https:\/\/www.alavudenmetsastysseura.fi\/"},{"@type":"ListItem","position":2,"name":"Kuvat"}]},{"@type":"WebSite","@id":"https:\/\/www.alavudenmetsastysseura.fi\/#website","url":"https:\/\/www.alavudenmetsastysseura.fi\/","name":"Alavuden Mets\u00e4stysseura","description":"Riistanhoitoa ja mets\u00e4styst\u00e4 vuodesta 1946","potentialAction":[{"@type":"SearchAction","target":{"@type":"EntryPoint","urlTemplate":"https:\/\/www.alavudenmetsastysseura.fi\/?s={search_term_string}"},"query-input":{"@type":"PropertyValueSpecification","valueRequired":true,"valueName":"search_term_string"}}],"inLanguage":"fi"}]}},"_links":{"self":[{"href":"https:\/\/www.alavudenmetsastysseura.fi\/index.php?rest_route=\/wp\/v2\/pages\/21","targetHints":{"allow":["GET"]}}],"collection":[{"href":"https:\/\/www.alavudenmetsastysseura.fi\/index.php?rest_route=\/wp\/v2\/pages"}],"about":[{"href":"https:\/\/www.alavudenmetsastysseura.fi\/index.php?rest_route=\/wp\/v2\/types\/page"}],"author":[{"embeddable":true,"href":"https:\/\/www.alavudenmetsastysseura.fi\/index.php?rest_route=\/wp\/v2\/users\/2"}],"replies":[{"embeddable":true,"href":"https:\/\/www.alavudenmetsastysseura.fi\/index.php?rest_route=%2Fwp%2Fv2%2Fcomments&post=21"}],"version-history":[{"count":24,"href":"https:\/\/www.alavudenmetsastysseura.fi\/index.php?rest_route=\/wp\/v2\/pages\/21\/revisions"}],"predecessor-version":[{"id":1061,"href":"https:\/\/www.alavudenmetsastysseura.fi\/index.php?rest_route=\/wp\/v2\/pages\/21\/revisions\/1061"}],"wp:attachment":[{"href":"https:\/\/www.alavudenmetsastysseura.fi\/index.php?rest_route=%2Fwp%2Fv2%2Fmedia&parent=21"}],"curies":[{"name":"wp","href":"https:\/\/api.w.org\/{rel}","templated":true}]}}