{"id":20,"date":"2020-02-04T07:11:19","date_gmt":"2020-02-04T05:11:19","guid":{"rendered":"http:\/\/testi.koiratuotteet.fi\/?page_id=20"},"modified":"2025-08-07T17:00:10","modified_gmt":"2025-08-07T14:00:10","slug":"yhteystiedot","status":"publish","type":"page","link":"https:\/\/www.alavudenmetsastysseura.fi\/?page_id=20","title":{"rendered":"Yhteystiedot"},"content":{"rendered":"\n<h5 class=\"wp-block-heading\"><strong>Puheenjohtaja:<\/strong><\/h5>\n\n\n\n<p>Mikko Vehni\u00e4<br>Lapinkyl\u00e4ntie 54<br>63300 ALAVUS<br>P. 040-0016086<br>mikko.vehnia(a)gmail.com<\/p>\n\n\n\n<p><\/p>\n\n\n\n<h5 class=\"wp-block-heading\"><strong>Sihteeri &amp; rahastonhoitaja:<\/strong><\/h5>\n\n\n\n<p>Mauri Rapo<br>Luomantie 11<br>63300 ALAVUS<br>P. 0400-568835<br>mauri.rapo(a)pp.inet.fi<\/p>\n\n\n\n<p><\/p>\n\n\n\n<h5 class=\"wp-block-heading\"><strong>Varapuheenjohtaja:<\/strong><\/h5>\n\n\n\n<p>Jarmo Kurki<br>Haaapatie 24<br>63400 ALAVUS AS<br>P. 040-5119425<br>jarmo.kurki@rakennuspalvelu.inet.fi<\/p>\n\n\n\n<p><\/p>\n\n\n\n<h5 class=\"wp-block-heading\"><strong>Kaurisjaoston vet\u00e4j\u00e4t:<\/strong><\/h5>\n\n\n\n<p>Jari Reinikka<br>Isokaari 2<br>63300 ALAVUS<br>P. 0400-868755<br>reinikkaja@gmail.com<br><\/p>\n\n\n\n<p>Antti-Jussi M\u00e4kynen<br>Savikonkyd\u00f6ntie 82<br>63300 Alavus<br>P. 040-7552469<br>antti.j.ussi34@gmail.com<\/p>\n\n\n\n<h5 class=\"wp-block-heading\"><strong>Hirvip\u00e4\u00e4llikk\u00f6:<\/strong><\/h5>\n\n\n\n<p>Juha Alajoki<br>Kirkkotie 15<br>63300 ALAVUS<br>P. 0400-562753<\/p>\n\n\n\n<h5 class=\"wp-block-heading\"><strong>PEURAp\u00e4\u00e4llikk\u00f6:<\/strong><\/h5>\n\n\n\n<p>Antti-Jussi M\u00e4kynen<br>Savikonkyd\u00f6ntie 82<br>63300 Alavus<br>P. 0407552469<br>antti.j.ussi34@gmail.com<\/p>\n\n\n\n<h5 class=\"wp-block-heading\"><strong>Suurpetoyhdyshenkil\u00f6:<\/strong><\/h5>\n\n\n\n<p>Jari Reinikka<br>Isokaari 2<br>63300 ALAVUS<br>P. 0400-868755<br>reinikkaja@gmail.com<br><br><br><\/p>\n","protected":false},"excerpt":{"rendered":"<p>Puheenjohtaja: Mikko Vehni\u00e4Lapinkyl\u00e4ntie 5463300 ALAVUSP. 040-0016086mikko.vehnia(a)gmail.com Sihteeri &amp; rahastonhoitaja: Mauri RapoLuomantie 1163300 ALAVUSP. 0400-568835mauri.rapo(a)pp.inet.fi Varapuheenjohtaja: Jarmo KurkiHaaapatie 2463400 ALAVUS ASP. 040-5119425jarmo.kurki@rakennuspalvelu.inet.fi Kaurisjaoston vet\u00e4j\u00e4t: Jari ReinikkaIsokaari 263300 ALAVUSP. 0400-868755reinikkaja@gmail.com Antti-Jussi M\u00e4kynenSavikonkyd\u00f6ntie 8263300 AlavusP. 040-7552469antti.j.ussi34@gmail.com Hirvip\u00e4\u00e4llikk\u00f6: Juha AlajokiKirkkotie 1563300 ALAVUSP. 0400-562753 PEURAp\u00e4\u00e4llikk\u00f6: Antti-Jussi M\u00e4kynenSavikonkyd\u00f6ntie 8263300 AlavusP. 0407552469antti.j.ussi34@gmail.com Suurpetoyhdyshenkil\u00f6: Jari ReinikkaIsokaari 263300 ALAVUSP. 0400-868755reinikkaja@gmail.com<\/p>\n","protected":false},"author":2,"featured_media":0,"parent":0,"menu_order":0,"comment_status":"closed","ping_status":"closed","template":"","meta":{"footnotes":""},"class_list":["post-20","page","type-page","status-publish","hentry"],"yoast_head":"<!-- This site is optimized with the Yoast SEO plugin v26.9 - https:\/\/yoast.com\/product\/yoast-seo-wordpress\/ -->\n<title>Yhteystiedot - Alavuden Mets\u00e4stysseura - Yhteystiedot<\/title>\n<meta name=\"description\" content=\"Alavuden mets\u00e4stysseura. Riistanhoitoa ja mets\u00e4styst\u00e4 vuodesta 1946. Tervetuloa Alavuden mets\u00e4stysseuran kotisivuille. Yhteystiedot\" \/>\n<meta name=\"robots\" content=\"index, follow, max-snippet:-1, max-image-preview:large, max-video-preview:-1\" \/>\n<link rel=\"canonical\" href=\"https:\/\/www.alavudenmetsastysseura.fi\/?page_id=20\" \/>\n<meta property=\"og:locale\" content=\"fi_FI\" \/>\n<meta property=\"og:type\" content=\"article\" \/>\n<meta property=\"og:title\" content=\"Yhteystiedot - Alavuden Mets\u00e4stysseura - Yhteystiedot\" \/>\n<meta property=\"og:description\" content=\"Alavuden mets\u00e4stysseura. Riistanhoitoa ja mets\u00e4styst\u00e4 vuodesta 1946. Tervetuloa Alavuden mets\u00e4stysseuran kotisivuille. Yhteystiedot\" \/>\n<meta property=\"og:url\" content=\"https:\/\/www.alavudenmetsastysseura.fi\/?page_id=20\" \/>\n<meta property=\"og:site_name\" content=\"Alavuden Mets\u00e4stysseura\" \/>\n<meta property=\"article:modified_time\" content=\"2025-08-07T14:00:10+00:00\" \/>\n<meta name=\"twitter:card\" content=\"summary_large_image\" \/>\n<meta name=\"twitter:label1\" content=\"Arvioitu lukuaika\" \/>\n\t<meta name=\"twitter:data1\" content=\"1 minuutti\" \/>\n<script type=\"application\/ld+json\" class=\"yoast-schema-graph\">{\"@context\":\"https:\/\/schema.org\",\"@graph\":[{\"@type\":\"WebPage\",\"@id\":\"https:\/\/www.alavudenmetsastysseura.fi\/?page_id=20\",\"url\":\"https:\/\/www.alavudenmetsastysseura.fi\/?page_id=20\",\"name\":\"Yhteystiedot - Alavuden Mets\u00e4stysseura - Yhteystiedot\",\"isPartOf\":{\"@id\":\"https:\/\/www.alavudenmetsastysseura.fi\/#website\"},\"datePublished\":\"2020-02-04T05:11:19+00:00\",\"dateModified\":\"2025-08-07T14:00:10+00:00\",\"description\":\"Alavuden mets\u00e4stysseura. Riistanhoitoa ja mets\u00e4styst\u00e4 vuodesta 1946. Tervetuloa Alavuden mets\u00e4stysseuran kotisivuille. Yhteystiedot\",\"breadcrumb\":{\"@id\":\"https:\/\/www.alavudenmetsastysseura.fi\/?page_id=20#breadcrumb\"},\"inLanguage\":\"fi\",\"potentialAction\":[{\"@type\":\"ReadAction\",\"target\":[\"https:\/\/www.alavudenmetsastysseura.fi\/?page_id=20\"]}]},{\"@type\":\"BreadcrumbList\",\"@id\":\"https:\/\/www.alavudenmetsastysseura.fi\/?page_id=20#breadcrumb\",\"itemListElement\":[{\"@type\":\"ListItem\",\"position\":1,\"name\":\"Home\",\"item\":\"https:\/\/www.alavudenmetsastysseura.fi\/\"},{\"@type\":\"ListItem\",\"position\":2,\"name\":\"Yhteystiedot\"}]},{\"@type\":\"WebSite\",\"@id\":\"https:\/\/www.alavudenmetsastysseura.fi\/#website\",\"url\":\"https:\/\/www.alavudenmetsastysseura.fi\/\",\"name\":\"Alavuden Mets\u00e4stysseura\",\"description\":\"Riistanhoitoa ja mets\u00e4styst\u00e4 vuodesta 1946\",\"potentialAction\":[{\"@type\":\"SearchAction\",\"target\":{\"@type\":\"EntryPoint\",\"urlTemplate\":\"https:\/\/www.alavudenmetsastysseura.fi\/?s={search_term_string}\"},\"query-input\":{\"@type\":\"PropertyValueSpecification\",\"valueRequired\":true,\"valueName\":\"search_term_string\"}}],\"inLanguage\":\"fi\"}]}<\/script>\n<!-- \/ Yoast SEO plugin. -->","yoast_head_json":{"title":"Yhteystiedot - Alavuden Mets\u00e4stysseura - Yhteystiedot","description":"Alavuden mets\u00e4stysseura. Riistanhoitoa ja mets\u00e4styst\u00e4 vuodesta 1946. Tervetuloa Alavuden mets\u00e4stysseuran kotisivuille. Yhteystiedot","robots":{"index":"index","follow":"follow","max-snippet":"max-snippet:-1","max-image-preview":"max-image-preview:large","max-video-preview":"max-video-preview:-1"},"canonical":"https:\/\/www.alavudenmetsastysseura.fi\/?page_id=20","og_locale":"fi_FI","og_type":"article","og_title":"Yhteystiedot - Alavuden Mets\u00e4stysseura - Yhteystiedot","og_description":"Alavuden mets\u00e4stysseura. Riistanhoitoa ja mets\u00e4styst\u00e4 vuodesta 1946. Tervetuloa Alavuden mets\u00e4stysseuran kotisivuille. Yhteystiedot","og_url":"https:\/\/www.alavudenmetsastysseura.fi\/?page_id=20","og_site_name":"Alavuden Mets\u00e4stysseura","article_modified_time":"2025-08-07T14:00:10+00:00","twitter_card":"summary_large_image","twitter_misc":{"Arvioitu lukuaika":"1 minuutti"},"schema":{"@context":"https:\/\/schema.org","@graph":[{"@type":"WebPage","@id":"https:\/\/www.alavudenmetsastysseura.fi\/?page_id=20","url":"https:\/\/www.alavudenmetsastysseura.fi\/?page_id=20","name":"Yhteystiedot - Alavuden Mets\u00e4stysseura - Yhteystiedot","isPartOf":{"@id":"https:\/\/www.alavudenmetsastysseura.fi\/#website"},"datePublished":"2020-02-04T05:11:19+00:00","dateModified":"2025-08-07T14:00:10+00:00","description":"Alavuden mets\u00e4stysseura. Riistanhoitoa ja mets\u00e4styst\u00e4 vuodesta 1946. Tervetuloa Alavuden mets\u00e4stysseuran kotisivuille. Yhteystiedot","breadcrumb":{"@id":"https:\/\/www.alavudenmetsastysseura.fi\/?page_id=20#breadcrumb"},"inLanguage":"fi","potentialAction":[{"@type":"ReadAction","target":["https:\/\/www.alavudenmetsastysseura.fi\/?page_id=20"]}]},{"@type":"BreadcrumbList","@id":"https:\/\/www.alavudenmetsastysseura.fi\/?page_id=20#breadcrumb","itemListElement":[{"@type":"ListItem","position":1,"name":"Home","item":"https:\/\/www.alavudenmetsastysseura.fi\/"},{"@type":"ListItem","position":2,"name":"Yhteystiedot"}]},{"@type":"WebSite","@id":"https:\/\/www.alavudenmetsastysseura.fi\/#website","url":"https:\/\/www.alavudenmetsastysseura.fi\/","name":"Alavuden Mets\u00e4stysseura","description":"Riistanhoitoa ja mets\u00e4styst\u00e4 vuodesta 1946","potentialAction":[{"@type":"SearchAction","target":{"@type":"EntryPoint","urlTemplate":"https:\/\/www.alavudenmetsastysseura.fi\/?s={search_term_string}"},"query-input":{"@type":"PropertyValueSpecification","valueRequired":true,"valueName":"search_term_string"}}],"inLanguage":"fi"}]}},"_links":{"self":[{"href":"https:\/\/www.alavudenmetsastysseura.fi\/index.php?rest_route=\/wp\/v2\/pages\/20","targetHints":{"allow":["GET"]}}],"collection":[{"href":"https:\/\/www.alavudenmetsastysseura.fi\/index.php?rest_route=\/wp\/v2\/pages"}],"about":[{"href":"https:\/\/www.alavudenmetsastysseura.fi\/index.php?rest_route=\/wp\/v2\/types\/page"}],"author":[{"embeddable":true,"href":"https:\/\/www.alavudenmetsastysseura.fi\/index.php?rest_route=\/wp\/v2\/users\/2"}],"replies":[{"embeddable":true,"href":"https:\/\/www.alavudenmetsastysseura.fi\/index.php?rest_route=%2Fwp%2Fv2%2Fcomments&post=20"}],"version-history":[{"count":12,"href":"https:\/\/www.alavudenmetsastysseura.fi\/index.php?rest_route=\/wp\/v2\/pages\/20\/revisions"}],"predecessor-version":[{"id":1421,"href":"https:\/\/www.alavudenmetsastysseura.fi\/index.php?rest_route=\/wp\/v2\/pages\/20\/revisions\/1421"}],"wp:attachment":[{"href":"https:\/\/www.alavudenmetsastysseura.fi\/index.php?rest_route=%2Fwp%2Fv2%2Fmedia&parent=20"}],"curies":[{"name":"wp","href":"https:\/\/api.w.org\/{rel}","templated":true}]}}